ghest common factor of l and 14.
14
Let s(t) = -4*t - 19. Let x be s(-16). What is the greatest common factor of 9 and x?
9
Let a = 3 + -2. Let v(g) = g**3 + 2*g**2. Let p be v(-1). What is the highest common factor of p and a?
1
Suppose -2 = -3*r - 2*k + 8, -5*k = -5*r. Let i = r - -11. Calculate the greatest common divisor of i and 13.
13
Let d = 35 - 25. Suppose -3*u - 3*l = -105, 4*u + 2*l - 100 - 50 = 0. Calculate the highest common factor of u and d.
10
Let i(z) = z**2 + 9*z - 4. Let n be i(-9). Let k = 8 + n. Suppose -11 - 69 = -k*h. Calculate the greatest common factor of h and 8.
4
Suppose 0 = 2*s - 3*s + 4. Suppose 57 = s*m + 13. Calculate the highest common factor of m and 88.
11
Let s(r) = r**2 - 2*r - 1. Let l be s(5). Suppose -4*t = -t + 3*f - 12, -4*t + 6 = -f. What is the highest common divisor of l and t?
2
Suppose -5*x - 1 + 60 = -2*d, d = -2*x + 20. Let g = x + -3. Calculate the greatest common factor of g and 64.
8
Let l = 5 + 3. Let a be 40/l*(-39)/(-5). Calculate the greatest common divisor of a and 13.
13
Let f = 45 + -17. What is the greatest common factor of f and 14?
14
Suppose 5*m = 2*z + 51, 4*m - 3*z - 49 = -m. What is the greatest common factor of m and 121?
11
Let o = 6 - 2. Let m be o/5*5/2. Suppose 6*g - 40 = 2*g. What is the greatest common factor of g and m?
2
Let k be ((-65)/(-20) - 1)*64/6. Calculate the greatest common factor of k and 24.
24
Let x = 20 + -24. Let n be ((-315)/(-12))/((-1)/x). What is the highest common factor of n and 15?
15
Let m = 1357 + -967. Let b = m - 271. Suppose 85 = 3*o + 2*o. Calculate the highest common divisor of o and b.
17
Let x be (-1 + 9)/(8/(4 - 0)). What is the highest common factor of x and 16?
4
Let l(p) = 3*p**3 + p**2 - p + 1. Let q be l(1). Let u(j) = -j - 4. Let i be u(-6). Let o be 3/((-3)/i) - -8. Calculate the greatest common divisor of o and q.
2
Let z be (-2018)/(-14) - -3*(-3)/63. Calculate the highest common divisor of 18 and z.
18
Let g be ((-16)/6)/((-5)/15). What is the greatest common factor of 1 and g?
1
Let c be 2 + (-119)/(1/(-1)). Suppose 2*d + 5*n = 32, 3*n + 23 = 3*d - 2*n. Calculate the greatest common factor of d and c.
11
Suppose 0 = -4*f - 3*v - 5 - 0, -2*v - 7 = -f. Let p be f/((-4 + 2)/(-10)). Suppose -c + p = -0*c. Calculate the greatest common divisor of c and 15.
5
Suppose 5 = 3*z + 5*m + 1, 3*z - 2*m - 32 = 0. Let b(l) = -5*l + 5. Let n be b(6). Let q = n - -57. What is the greatest common factor of z and q?
8
Suppose 0*m - 72 = m. Let p be (-4)/(-14) + m/(-42). Suppose -p*z = -205 + 43. Calculate the greatest common factor of z and 9.
9
Suppose -2*h = -p - 73, -4*p + 2*p + 34 = h. What is the highest common divisor of h and 4?
4
Let t = 7 + -7. Suppose t*y + 48 = y. What is the greatest common factor of 32 and y?
16
Let v be (-5)/(-2) + (-5)/((-40)/12). What is the highest common factor of v and 76?
4
Suppose 0 = -5*n + 5*g + 50, -2*g = -n + 2*g + 4. Let p be -2*3/n*-6. Calculate the highest common divisor of p and 2.
1
Suppose 8*c - 10*c = -56. Suppose -14 = -n - n. What is the greatest common factor of n and c?
7
Suppose -i = 11 - 41. What is the highest common divisor of i and 270?
30
Suppose -4*d - x + 14 = 0, -8 = -3*x - 2. Calculate the greatest common divisor of 6 and d.
3
Let y(q) = 2 - q - 1 - 4*q. Let r be y(-2). Let a be (-12 + 1)*(-3)/3. Calculate the highest common divisor of r and a.
11
Let g be (1/2)/((-2)/24). Let n = 9 + g. What is the highest common factor of 15 and n?
3
Suppose x - 4 = 18. Let i be (1 - 1) + 1 + 2. Let h be i - (1 - 1 - -1). What is the greatest common factor of h and x?
2
Suppose 145 = 7*i - 51. Calculate the highest common factor of 4 and i.
4
Suppose 0 = 15*y - 163 + 58. Calculate the greatest common divisor of y and 63.
7
Suppose -v - 4*v = -30. Let p = v + -6. Suppose -32 = -p*c - 2*c. Calculate the greatest common divisor of c and 8.
8
Let m be (-1)/(0 + 1) + -1. Let k be ((-8)/6)/(m/60). Calculate the highest common factor of 5 and k.
5
Let c be (-8)/24*(0/(-1) + -18). Calculate the greatest common divisor of 21 and c.
3
Let c(k) = k**2 + k - 3. Let m be c(-3). What is the greatest common factor of m and 15?
3
Suppose 4*w = 2*w + 264. What is the greatest common divisor of w and 12?
12
Let b = -52 - -30. Let l be (-532)/b - (-4)/(-22). What is the highest common divisor of l and 3?
3
Let h be ((-17)/(-3))/(1/3). What is the greatest common factor of h and 119?
17
Suppose 12 = -9*k + 12*k. Calculate the highest common divisor of k and 28.
4
Let d be 2/8 - (-21)/12. Calculate the highest common divisor of 14 and d.
2
Suppose -456 = -5*b + 2*b. Suppose -4*u + 96 = -4*m, 2*u + 4*m - 18 = -0*m. What is the greatest common factor of b and u?
19
Let c be -2*(858/(-4))/3. Suppose 0 = b + d - 11, -b + 6*b - 61 = -2*d. Calculate the greatest common factor of b and c.
13
Suppose 7*d - 3*d - 8 = 0. Suppose -4*g = d*z - z - 37, -5*g + 40 = -5*z. Calculate the highest common divisor of g and 72.
9
Suppose -3*y = y. Suppose 2*g - 3 - 5 = y. Calculate the greatest common divisor of 12 and g.
4
Suppose -3*v + 0*v - 2*y = -89, y = 3*v - 86. Let j = v - 19. Suppose t = h - 4, 0 = 6*h - 2*h + 2*t - j. Calculate the highest common divisor of 3 and h.
3
Let s be 12/4*(-50)/(-6). Let g = -72 + 105. Let q = g - 23. What is the greatest common factor of q and s?
5
Suppose 6*h - 5*h - 16 = -2*w, 23 = 3*w + 2*h. Suppose 0 = -4*v - 3*u + 39, -2*v + 4*v - 20 = -2*u. What is the greatest common factor of w and v?
9
Suppose 3*m - 216 = -0*m. Calculate the highest common factor of m and 18.
18
Let x = 21 - -1. Let v = -7 + x. Let b(q) = -q**3 + 10*q**2 - 14*q + 11. Let r be b(7). Calculate the greatest common factor of v and r.
15
Let q = 172 - 168. Suppose 0 = -5*b - n + 137, 4*n - 64 = -3*b + 8. What is the highest common factor of b and q?
4
Let m = -33 + 143. Calculate the highest common factor of m and 10.
10
Suppose -2*k - 2 = 24. Let n be 3/2*(-160)/6. Let b = k - n. Calculate the greatest common factor of b and 9.
9
Let n = 0 - -1. Suppose m - 11 = -m + p, n = 2*m - 3*p. Calculate the highest common divisor of 32 and m.
8
Suppose 2*q = 4*b - 6, 3*b = 5*q - 0 + 1. What is the highest common factor of q and 3?
1
Let a(y) = y**2 - 8*y + 9. Let r be a(7). Let u be r/(-10) + 6/5. Calculate the greatest common factor of 11 and u.
1
Suppose -3*t + 15 - 6 = 0. Suppose t*k = 4*k - 11. What is the highest common factor of k and 77?
11
Suppose -2*w + 0 - 6 = 0, 4*l + 5*w - 1 = 0. Suppose -x = l*x. Suppose x = g - 36 - 0. Calculate the greatest common factor of 24 and g.
12
Let w(m) = 3*m**2 - 4*m - 2. Let o be w(-2). Calculate the highest common factor of o and 126.
18
Let u = 382 + -151. Suppose -u = 2*d - 5*d. What is the highest common divisor of 7 and d?
7
Let q = 5 + 33. Calculate the greatest common divisor of 304 and q.
38
Suppose -25 = -r - 19. What is the greatest common divisor of 18 and r?
6
Let t = 58 + -30. What is the greatest common factor of t and 140?
28
Let t be (0 + (-49 - -2))*-1. Let b = t - 32. Calculate the greatest common divisor of b and 165.
15
Suppose -y + 11 = -0*y. What is the highest common divisor of 66 and y?
11
Let b(q) = 5*q**3 - 2*q**2 + 2*q - 1. Let l be b(1). Let a(j) = -1 - 3*j + j**3 + l*j + 0*j**3. Let z be a(1). What is the highest common factor of 8 and z?
1
Suppose 5*v = -3*f + 30, 0*v + 4*f = 2*v + 14. Let k be 9*-3*v/(-9). Let t = -5 + k. Calculate the highest common divisor of t and 16.
4
Let x(g) = g**2 + 7*g + 6. Let i be x(-7). Let a be (6/(-4))/(3/(-4)). Let w = a + 0. What is the highest common factor of i and w?
2
Suppose -4*a + 0*a = -192. What is the greatest common divisor of a and 16?
16
Let k be (5080/(-28))/(-5) - 10/35. What is the greatest common divisor of 144 and k?
36
Suppose 5*c + f = 53, -5*c - 2*f = -3*c - 18. Let t(y) = 98*y**2 + 1. Let w be t(1). What is the greatest common divisor of c and w?
11
Let c(k) = 23*k + 1. Let h be c(3). Suppose -2*b + 60 = b. Suppose -3*a + a = -b. What is the greatest common factor of a and h?
10
Suppose 9*l = 13*l - 8. Let n(w) = w**2 + 5*w - 2. Let q be n(l). What is the greatest common divisor of 3 and q?
3
Let c be 10/4 + (-5)/(-10). Let d be 44/(2 + c + -3). What is the highest common factor of 11 and d?
11
Let t(i) = -12*i 